68758 is divided by 119?
104
What is the remainder when 181385 is divided by 80?
25
What is the remainder when 311850 is divided by 4970?
3710
Calculate the remainder when 1338341781 is divided by 26.
23
Calculate the remainder when 7418726 is divided by 850.
776
What is the remainder when 5194794 is divided by 137?
28
What is the remainder when 376253 is divided by 1271?
37
Calculate the remainder when 11800038 is divided by 83.
11
Calculate the remainder when 340443 is divided by 355.
353
What is the remainder when 3458005 is divided by 206?
89
What is the remainder when 28080555 is divided by 373?
369
What is the remainder when 11402836 is divided by 99?
16
Calculate the remainder when 136846 is divided by 4782.
2950
What is the remainder when 44234690 is divided by 89363?
5
Calculate the remainder when 2763 is divided by 1294.
175
Calculate the remainder when 30556437 is divided by 30.
27
What is the remainder when 3535681 is divided by 14?
9
What is the remainder when 147675 is divided by 36910?
35
What is the remainder when 1151798 is divided by 9843?
167
Calculate the remainder when 385540 is divided by 7833.
1723
Calculate the remainder when 616232 is divided by 730.
112
What is the remainder when 20361 is divided by 2793?
810
What is the remainder when 29466328 is divided by 1137?
973
What is the remainder when 77742416 is divided by 28?
24
What is the remainder when 469003 is divided by 4835?
8
Calculate the remainder when 297809 is divided by 12965.
12579
What is the remainder when 37942 is divided by 1146?
124
Calculate the remainder when 1314699 is divided by 293.
8
What is the remainder when 5614545 is divided by 35535?
15
Calculate the remainder when 750394 is divided by 374.
150
Calculate the remainder when 3124 is divided by 695.
344
What is the remainder when 1717150 is divided by 214?
14
What is the remainder when 83141 is divided by 369?
116
Calculate the remainder when 112508 is divided by 448.
60
Calculate the remainder when 18525 is divided by 12013.
6512
What is the remainder when 1269119 is divided by 11751?
11
Calculate the remainder when 127664 is divided by 5105.
39
Calculate the remainder when 946125 is divided by 1931.
1866
Calculate the remainder when 72819 is divided by 2553.
1335
What is the remainder when 1334640 is divided by 3824?
64
Calculate the remainder when 70897155 is divided by 1415.
1410
Calculate the remainder when 166112 is divided by 30.
2
What is the remainder when 6962957 is divided by 3481472?
13
Calculate the remainder when 30369098 is divided by 63.
11
Calculate the remainder when 26118128 is divided by 624.
608
Calculate the remainder when 98855680 is divided by 140420.
0
Calculate the remainder when 289591 is divided by 12060.
151
Calculate the remainder when 31091674 is divided by 6.
4
What is the remainder when 1238528 is divided by 1888?
0
What is the remainder when 5093 is divided by 527?
350
Calculate the remainder when 552372 is divided by 1173.
1062
Calculate the remainder when 97967 is divided by 176.
111
Calculate the remainder when 742108 is divided by 119.
24
What is the remainder when 217002 is divided by 72280?
162
What is the remainder when 1193138195 is divided by 961?
957
What is the remainder when 514759 is divided by 67?
65
What is the remainder when 2095692 is divided by 9033?
36
What is the remainder when 12036353 is divided by 66?
65
Calculate the remainder when 581741 is divided by 193758.
467
Calculate the remainder when 826625 is divided by 406.
9
What is the remainder when 1481400 is divided by 7444?
44
What is the remainder when 5096592 is divided by 61?
42
Calculate the remainder when 643009 is divided by 16075.
9
What is the remainder when 49175 is divided by 924?
203
What is the remainder when 15607665 is divided by 28326?
39
What is the remainder when 5658203 is divided by 386?
215
Calculate the remainder when 229048 is divided by 8344.
3760
Calculate the remainder when 8154 is divided by 30.
24
Calculate the remainder when 2631 is divided by 219.
3
What is the remainder when 822808 is divided by 63291?
25
What is the remainder when 119158 is divided by 36?
34
What is the remainder when 37436455 is divided by 6312?
6295
Calculate the remainder when 99529970 is divided by 1537.
1535
What is the remainder when 93134 is divided by 2271?
23
What is the remainder when 6207436 is divided by 177355?
11
Calculate the remainder when 14169950 is divided by 4.
2
What is the remainder when 547184767 is divided by 410?
407
What is the remainder when 392467 is divided by 15698?
17
What is the remainder when 154811 is divided by 19349?
19
What is the remainder when 177229 is divided by 2077?
684
Calculate the remainder when 13311274 is divided by 30048.
10
Calculate the remainder when 37159734 is divided by 2580.
2574
What is the remainder when 53754598 is divided by 13438646?
14
What is the remainder when 2554121 is divided by 851373?
2
What is the remainder when 134874561 is divided by 67437278?
5
What is the remainder when 54449 is divided by 3623?
104
Calculate the remainder when 1894203 is divided by 157824.
315
What is the remainder when 77330418 is divided by 16?
2
Calculate the remainder when 76730321 is divided by 5480737.
3
Calculate the remainder when 9272514 is divided by 14.
6
Calculate the remainder when 1217232 is divided by 608563.
106
Calculate the remainder when 3720 is divided by 532.
528
What is the remainder when 65878 is divided by 63791?
2087
Calculate the remainder when 16938 is divided by 1013.
730
What is the remainder when 10658891 is divided by 46343?
1
What is the remainder when 210761 is divided by 18888?
2993
What is the remainder when 4421013 is divided by 131?
25
What is the remainder when 6560543 is divided by 156?
119
Calculate the remainder when 15821 is divided by 14257.
1564
Calculate the remainder when 11267101 is divided by 1609581.
34
What is the remainder when 110526 is divided by 812?
94
Calculate the remainder when 227667 is divided by 229.
41
Calculate the remainder when 104454 is divided by 34788.
90
Calculate the remainder when 149577505 is divided by 169589.
7
Calculate the remainder when 3700820 is divided by 549.
11
What is the remainder when 9764534 is divided by 2441122?
46
What is the remainder when 25901549 is divided by 1822?
1819
Calculate the remainder when 18353655 is divided by 119.
47
Calculate the remainder when 1393503 is divided by 377.
111
What is the remainder when 1993438 is divided by 77?
62
Calculate the remainder when 466085 is divided by 116516.
21
What is the remainder when 281817 is divided by 6767?
4370
What is the remainder when 937405 is divided by 3826?
35
Calculate the remainder when 278052 is divided by 1841.
61
Calculate the remainder when 11857728 is divided by 5928845.
38
What is the remainder when 12700 is divided by 2099?
106
Calculate the remainder when 86821327 is divided by 3946422.
43
Calculate the remainder when 15580664 is divided by 207742.
14
What is the remainder when 564287381 is divided by 31?
23
What is the remainder when 54023 is divided by 34?
31
Calculate the remainder when 292829 is divided by 32.
29
Calculate the remainder when 3549543 is divided by 1774759.
25
What is the remainder when 40693293 is divided by 254333?
13
What is the remainder when 597872126 is divided by 64?
62
What is the remainder when 9246778 is divided by 45?
43
Calculate the remainder when 488218 is divided by 2209.
29
Calculate the remainder when 9149361 is divided by 2669.
29
Calculate the remainder when 579871 is divided by 193227.
190
What is the remainder when 2639076 is divided by 105563?
1
Calculate the remainder when 4763397 is divided by 4763387.
10
What is the remainder when 367013 is divided by 182942?
1129
Calculate the remainder when 213867716 is divided by 21581.
6
What is the remainder when 100279 is divided by 49120?
2039
Calculate the remainder when 696804 is divided by 209.
207
What is the remainder when 32528339 is divided by 418?
415
Calculate the remainder when 5698589 is divided by 5887.
5860
Calculate the remainder when 6887029 is divided by 1978.
1611
What is the remainder when 577713 is divided by 1090?
13
Calculate the remainder when 628870 is divided by 11031.
103
What is th